hest common factor of 186 and 2542?
62
What is the highest common factor of 225 and 335?
5
Calculate the highest common divisor of 141 and 75247.
47
Calculate the highest common factor of 120 and 51610.
10
What is the greatest common factor of 2 and 1216846?
2
Calculate the greatest common factor of 47871 and 394.
197
Calculate the greatest common factor of 63 and 30219.
21
Calculate the greatest common factor of 5947 and 56966.
313
Calculate the highest common divisor of 735 and 63045.
15
What is the highest common divisor of 1640 and 440?
40
Calculate the greatest common factor of 214555 and 165.
55
What is the greatest common factor of 744 and 1320?
24
Calculate the highest common factor of 563156 and 11.
11
Calculate the greatest common factor of 9653 and 3087.
49
Calculate the greatest common factor of 2836639 and 1469.
1469
What is the greatest common factor of 54 and 38202?
6
What is the highest common factor of 1519176 and 120?
24
What is the greatest common factor of 2196 and 305?
61
What is the greatest common factor of 271210 and 296?
74
Calculate the greatest common divisor of 5090 and 640.
10
What is the highest common factor of 36853 and 822?
137
What is the greatest common factor of 2952 and 413526?
246
Calculate the highest common factor of 9540 and 1325.
265
What is the greatest common factor of 576 and 127404?
36
Calculate the highest common factor of 60723 and 10179.
351
What is the greatest common divisor of 73555 and 94?
47
Calculate the highest common divisor of 60 and 161532.
12
What is the greatest common factor of 88 and 345356?
44
What is the greatest common factor of 82263 and 51?
51
Calculate the highest common factor of 124 and 26443.
31
Calculate the greatest common factor of 376 and 1208.
8
Calculate the greatest common factor of 61 and 319.
1
What is the greatest common divisor of 5220 and 80185?
145
Calculate the greatest common factor of 40068 and 3021.
159
Calculate the greatest common factor of 916 and 1950622.
458
What is the greatest common factor of 899298 and 846?
846
Calculate the highest common divisor of 140518 and 28.
14
Calculate the highest common divisor of 9090 and 7740.
90
Calculate the highest common factor of 9592 and 7412.
436
Calculate the greatest common divisor of 120 and 453960.
120
What is the greatest common factor of 5240 and 120?
40
What is the greatest common factor of 181295 and 505?
505
What is the highest common divisor of 11309 and 16043?
263
What is the greatest common divisor of 208561 and 73?
73
What is the greatest common factor of 182 and 1694?
14
What is the highest common divisor of 3 and 258114?
3
Calculate the greatest common factor of 369 and 152559.
9
What is the highest common factor of 142 and 782?
2
What is the highest common factor of 2772 and 5412?
132
What is the greatest common factor of 264 and 18312?
24
Calculate the highest common divisor of 519 and 27680.
173
What is the greatest common divisor of 55644 and 60?
12
What is the greatest common factor of 2668 and 207?
23
Calculate the highest common divisor of 88445 and 25.
5
Calculate the greatest common factor of 3578260 and 56.
28
What is the highest common factor of 30 and 791835?
15
Calculate the greatest common divisor of 2005762 and 102.
34
Calculate the greatest common divisor of 40655 and 60.
5
Calculate the highest common divisor of 63 and 109179.
63
Calculate the highest common divisor of 39520 and 4680.
520
Calculate the highest common divisor of 20 and 59260.
20
Calculate the highest common divisor of 13625 and 750.
125
What is the greatest common factor of 662159 and 681?
227
Calculate the highest common factor of 33573 and 570.
57
What is the greatest common divisor of 5336 and 1076216?
184
What is the highest common divisor of 58 and 195634?
58
Calculate the greatest common divisor of 3040 and 5120.
160
What is the greatest common factor of 424 and 13928?
8
What is the highest common divisor of 24 and 226920?
24
Calculate the greatest common divisor of 875 and 89845.
35
What is the greatest common divisor of 739805 and 110?
55
Calculate the greatest common factor of 81180 and 18286.
82
Calculate the highest common factor of 19 and 320302.
19
What is the highest common factor of 60454 and 8326?
362
Calculate the highest common factor of 137755 and 10.
5
What is the greatest common divisor of 19337180 and 620?
620
Calculate the highest common factor of 16224 and 2976.
96
Calculate the highest common divisor of 1087847 and 719.
719
Calculate the highest common divisor of 164427 and 1104.
69
Calculate the greatest common divisor of 10784 and 21905.
337
Calculate the greatest common factor of 1070465 and 11.
11
Calculate the highest common divisor of 87 and 1134.
3
What is the greatest common divisor of 196121 and 5?
1
What is the highest common divisor of 17464 and 3848?
296
What is the highest common divisor of 4293 and 3975?
159
Calculate the highest common factor of 15860 and 10660.
260
What is the highest common divisor of 8 and 3995824?
8
Calculate the greatest common factor of 154 and 72149.
77
Calculate the greatest common factor of 1040 and 18785.
65
Calculate the highest common divisor of 48272 and 64.
16
Calculate the greatest common factor of 183078 and 42.
42
Calculate the greatest common factor of 2856 and 884.
68
What is the highest common divisor of 3135 and 30585?
15
What is the greatest common divisor of 65 and 58071?
13
What is the highest common divisor of 10266 and 9794?
118
Calculate the highest common factor of 96202 and 2060.
206
What is the highest common divisor of 6 and 5961?
3
What is the highest common divisor of 1200 and 1420200?
600
Calculate the greatest common factor of 1 and 204693.
1
What is the greatest common divisor of 51 and 87621?
3
What is the highest common factor of 228 and 116760?
12
Calculate the highest common factor of 4598 and 1102.
38
What is the highest common divisor of 808 and 8386232?
808
Calculate the highest common divisor of 312 and 42224.
104
What is the greatest common divisor of 7634 and 206812?
694
What is the greatest common factor of 6123 and 4875?
39
What is the greatest common factor of 177678 and 12?
6
Calculate the greatest common factor of 5538909 and 2078.
1039
What is the highest common factor of 82 and 70418?
2
What is the greatest common divisor of 6 and 16222?
2
What is the greatest common divisor of 78 and 11726?
26
What is the highest common divisor of 81231 and 3?
3
What is the greatest common factor of 18568 and 10339?
211
Calculate the highest common divisor of 37 and 400.
1
Calculate the greatest common divisor of 18 and 59229.
9
What is the highest common divisor of 40 and 259390?
10
Calculate the greatest common factor of 23128 and 7729.
59
What is the highest common divisor of 234 and 127114?
26
Calculate the highest common factor of 4788 and 1152.
36
What is the greatest common factor of 178362 and 11744?
734
Calculate the greatest common factor of 2150 and 44550.
50
What is the highest common divisor of 184 and 206586?
46
What is the highest common divisor of 103322 and 152?
38
What is the greatest common factor of 100727 and 803?
11
Calculate the highest common divisor of 4 and 79252.
4
What is the greatest common factor of 132 and 524876?
44
Calculate the highest common divisor of 83673 and 3969.
81
What is the greatest common factor of 129581 and 1?
1
What is the greatest common factor of 1727 and 106289?
157
What is the greatest common divisor of 484624 and 70?
14
Calculate the highest common divisor of 101 and 1069994.
101
What is the highest common divisor of 430472 and 476?
28
What is the greatest common divisor of 2880 and 53440?
320
Calculate the highest common factor of 77961 and 117.
39
What is the greatest common divisor of 93 and 51956?
31
What is the greatest common divisor of 156884 and 6097?
91
Calculate the highest common divisor of 125758 and 2270.
454
Calculate the greatest common divisor of 2112 and 195888.
528
Calculate the highest common divisor of 391176 and 648.
216
Calculate the greatest common factor of 70 and 236030.
10
What is the greatest common factor of 2641 and 50735?
139
Calculate the highest common factor of 3840 and 75840.
960
What is the highest common factor of 42 and 48034?
14